{"id":688,"date":"2020-10-23T09:45:55","date_gmt":"2020-10-23T08:45:55","guid":{"rendered":"http:\/\/miligram10.miligram.pt\/sala-de-jantar\/"},"modified":"2026-01-13T13:52:12","modified_gmt":"2026-01-13T12:52:12","slug":"sala-de-jantar","status":"publish","type":"page","link":"https:\/\/douroexclusive.com\/pt-pt\/sala-de-jantar\/","title":{"rendered":"Restaurante"},"content":{"rendered":"\t\t<div data-elementor-type=\"wp-page\" data-elementor-id=\"688\" class=\"elementor elementor-688 elementor-630\" data-elementor-post-type=\"page\">\n\t\t\t\t\t\t<section class=\"elementor-section elementor-top-section elementor-element elementor-element-7a710a7e elementor-section-full_width elementor-section-height-min-height elementor-section-height-default elementor-section-items-middle\" data-id=\"7a710a7e\" data-element_type=\"section\" data-e-type=\"section\" data-settings=\"{&quot;background_background&quot;:&quot;classic&quot;}\">\n\t\t\t\t\t\t<div class=\"elementor-container elementor-column-gap-default\">\n\t\t\t\t\t<div class=\"elementor-column elementor-col-100 elementor-top-column elementor-element elementor-element-7f80fb24\" data-id=\"7f80fb24\" data-element_type=\"column\" data-e-type=\"column\">\n\t\t\t<div class=\"elementor-widget-wrap elementor-element-populated\">\n\t\t\t\t\t\t<div class=\"elementor-element elementor-element-e35e985 elementor-widget elementor-widget-heading\" data-id=\"e35e985\" data-element_type=\"widget\" data-e-type=\"widget\" data-widget_type=\"heading.default\">\n\t\t\t\t<div class=\"elementor-widget-container\">\n\t\t\t\t\t<h2 class=\"elementor-heading-title elementor-size-default\">Restaurante<\/h2>\t\t\t\t<\/div>\n\t\t\t\t<\/div>\n\t\t\t\t<div class=\"elementor-element elementor-element-c862287 info-text elementor-widget elementor-widget-text-editor\" data-id=\"c862287\" data-element_type=\"widget\" data-e-type=\"widget\" data-widget_type=\"text-editor.default\">\n\t\t\t\t<div class=\"elementor-widget-container\">\n\t\t\t\t\t\t\t\t\t<p><strong>Hor\u00e1rio de funcionamento: 12:30-14:30<\/strong><br \/>Para op\u00e7\u00f5es de refei\u00e7\u00f5es, por favor contacte a ger\u00eancia:<br \/><a href=\"mailto:reservas@casadoarcodouro.pt\">reservas@casadoarcodouro.pt<\/a><br \/>Whatsapp: <a href=\"tel:+351919751617\">+351919751617<\/a><\/p>\n\t\t\t\t\t\t\t\t<\/div>\n\t\t\t\t<\/div>\n\t\t\t\t\t<\/div>\n\t\t<\/div>\n\t\t\t\t\t<\/div>\n\t\t<\/section>\n\t\t\t\t<section class=\"elementor-section elementor-top-section elementor-element elementor-element-2b810d7e elementor-section-full_width elementor-section-height-default elementor-section-height-default\" data-id=\"2b810d7e\" data-element_type=\"section\" data-e-type=\"section\">\n\t\t\t\t\t\t<div class=\"elementor-container elementor-column-gap-no\">\n\t\t\t\t\t<div class=\"elementor-column elementor-col-100 elementor-top-column elementor-element elementor-element-6ece4d58\" data-id=\"6ece4d58\" data-element_type=\"column\" data-e-type=\"column\">\n\t\t\t<div class=\"elementor-widget-wrap elementor-element-populated\">\n\t\t\t\t\t\t<section class=\"elementor-section elementor-inner-section elementor-element elementor-element-5009c218 elementor-section-full_width elementor-section-height-default elementor-section-height-default\" data-id=\"5009c218\" data-element_type=\"section\" data-e-type=\"section\">\n\t\t\t\t\t\t<div class=\"elementor-container elementor-column-gap-no\">\n\t\t\t\t\t<div class=\"elementor-column elementor-col-50 elementor-inner-column elementor-element elementor-element-67516986\" data-id=\"67516986\" data-element_type=\"column\" data-e-type=\"column\">\n\t\t\t<div class=\"elementor-widget-wrap elementor-element-populated\">\n\t\t\t\t\t\t<div class=\"elementor-element elementor-element-7f4c7d73 lazy-figure elementor-widget__width-inherit elementor-widget elementor-widget-image\" data-id=\"7f4c7d73\" data-element_type=\"widget\" data-e-type=\"widget\" data-settings=\"{&quot;motion_fx_motion_fx_scrolling&quot;:&quot;yes&quot;,&quot;motion_fx_range&quot;:&quot;viewport&quot;,&quot;motion_fx_devices&quot;:[&quot;desktop&quot;,&quot;tablet&quot;,&quot;mobile&quot;]}\" data-widget_type=\"image.default\">\n\t\t\t\t<div class=\"elementor-widget-container\">\n\t\t\t\t\t\t\t\t\t\t\t\t\t\t\t<img fetchpriority=\"high\" decoding=\"async\" width=\"1080\" height=\"943\" src=\"https:\/\/douroexclusive.com\/wp-content\/uploads\/2021\/06\/Nelson_Carvalheiro_Casa_Do_Arco_HIRES-485.jpg\" class=\"attachment-full size-full wp-image-2343\" alt=\"\" srcset=\"https:\/\/douroexclusive.com\/wp-content\/uploads\/2021\/06\/Nelson_Carvalheiro_Casa_Do_Arco_HIRES-485.jpg 1080w, https:\/\/douroexclusive.com\/wp-content\/uploads\/2021\/06\/Nelson_Carvalheiro_Casa_Do_Arco_HIRES-485-300x262.jpg 300w, https:\/\/douroexclusive.com\/wp-content\/uploads\/2021\/06\/Nelson_Carvalheiro_Casa_Do_Arco_HIRES-485-1024x894.jpg 1024w, https:\/\/douroexclusive.com\/wp-content\/uploads\/2021\/06\/Nelson_Carvalheiro_Casa_Do_Arco_HIRES-485-768x671.jpg 768w, https:\/\/douroexclusive.com\/wp-content\/uploads\/2021\/06\/Nelson_Carvalheiro_Casa_Do_Arco_HIRES-485-450x393.jpg 450w\" sizes=\"(max-width: 1080px) 100vw, 1080px\" \/>\t\t\t\t\t\t\t\t\t\t\t\t\t\t\t<\/div>\n\t\t\t\t<\/div>\n\t\t\t\t\t<\/div>\n\t\t<\/div>\n\t\t\t\t<div class=\"elementor-column elementor-col-50 elementor-inner-column elementor-element elementor-element-2824e438 column-background\" data-id=\"2824e438\" data-element_type=\"column\" data-e-type=\"column\">\n\t\t\t<div class=\"elementor-widget-wrap elementor-element-populated\">\n\t\t\t\t\t\t<div class=\"elementor-element elementor-element-5bbb4002 animated-slow elementor-invisible elementor-widget elementor-widget-text-editor\" data-id=\"5bbb4002\" data-element_type=\"widget\" data-e-type=\"widget\" data-settings=\"{&quot;_animation&quot;:&quot;fadeInRight&quot;,&quot;_animation_delay&quot;:200}\" data-widget_type=\"text-editor.default\">\n\t\t\t\t<div class=\"elementor-widget-container\">\n\t\t\t\t\t\t\t\t\t<p>No r\u00e9s-do-ch\u00e3o da Casa do Arco Guest Villa encontra-se a Sala dos Decantadores.<\/p>\n<p>Cheia de luz, onde o verde do exterior se funde em plena harmonia com os verdes interiores, uma vista soberba sobre o vale ir\u00e1 prender a sua aten\u00e7\u00e3o.<\/p>\n<p>Nesta sala exclusiva, com capacidade m\u00e1xima para 16 pessoas, uma equipa altamente preparada e especializada ser\u00e1 o fio condutor para uma viagem dos sentidos com uma vista privilegiada ao \u201cCora\u00e7\u00e3o\u201d do Vale do Douro.<\/p>\n\t\t\t\t\t\t\t\t<\/div>\n\t\t\t\t<\/div>\n\t\t\t\t\t<\/div>\n\t\t<\/div>\n\t\t\t\t\t<\/div>\n\t\t<\/section>\n\t\t\t\t\t<\/div>\n\t\t<\/div>\n\t\t\t\t\t<\/div>\n\t\t<\/section>\n\t\t\t\t<section class=\"elementor-section elementor-top-section elementor-element elementor-element-21d89462 elementor-section-full_width elementor-hidden-desktop elementor-hidden-tablet elementor-hidden-mobile elementor-section-height-default elementor-section-height-default\" data-id=\"21d89462\" data-element_type=\"section\" data-e-type=\"section\">\n\t\t\t\t\t\t<div class=\"elementor-container elementor-column-gap-no\">\n\t\t\t\t\t<div class=\"elementor-column elementor-col-100 elementor-top-column elementor-element elementor-element-1a38c349\" data-id=\"1a38c349\" data-element_type=\"column\" data-e-type=\"column\">\n\t\t\t<div class=\"elementor-widget-wrap elementor-element-populated\">\n\t\t\t\t\t\t<section class=\"elementor-section elementor-inner-section elementor-element elementor-element-52aa8fbe elementor-section-full_width elementor-reverse-mobile elementor-section-height-default elementor-section-height-default\" data-id=\"52aa8fbe\" data-element_type=\"section\" data-e-type=\"section\">\n\t\t\t\t\t\t<div class=\"elementor-container elementor-column-gap-no\">\n\t\t\t\t\t<div class=\"elementor-column elementor-col-50 elementor-inner-column elementor-element elementor-element-68da95a2 column-background\" data-id=\"68da95a2\" data-element_type=\"column\" data-e-type=\"column\">\n\t\t\t<div class=\"elementor-widget-wrap elementor-element-populated\">\n\t\t\t\t\t\t<div class=\"elementor-element elementor-element-37c8daf0 animated-slow elementor-invisible elementor-widget elementor-widget-text-editor\" data-id=\"37c8daf0\" data-element_type=\"widget\" data-e-type=\"widget\" data-settings=\"{&quot;_animation&quot;:&quot;fadeInLeft&quot;}\" data-widget_type=\"text-editor.default\">\n\t\t\t\t<div class=\"elementor-widget-container\">\n\t\t\t\t\t\t\t\t\t<p>Pode deliciar-se com a delicadeza de uma tradicional carne de lombo ou, para paladares mais exigentes, com a possibilidade de degustar uma das melhores carnes do mundo: um Bife Rubia Galega Envelhecido. Pode ainda contar com as nossas op\u00e7\u00f5es de Bacalhau e Polvo e uma ementa Vegan.<\/p>\n<p>O cliente tamb\u00e9m poder\u00e1 escolher, da nossa cole\u00e7\u00e3o de Decantadores Riedel, o decantador que melhor se adequa \u00e0 decanta\u00e7\u00e3o do vinho escolhido para acompanhar a refei\u00e7\u00e3o.<\/p>\n\t\t\t\t\t\t\t\t<\/div>\n\t\t\t\t<\/div>\n\t\t\t\t\t<\/div>\n\t\t<\/div>\n\t\t\t\t<div class=\"elementor-column elementor-col-50 elementor-inner-column elementor-element elementor-element-935ffa1\" data-id=\"935ffa1\" data-element_type=\"column\" data-e-type=\"column\">\n\t\t\t<div class=\"elementor-widget-wrap elementor-element-populated\">\n\t\t\t\t\t\t<div class=\"elementor-element elementor-element-79d404f5 lazy-figure elementor-widget__width-inherit elementor-widget elementor-widget-image\" data-id=\"79d404f5\" data-element_type=\"widget\" data-e-type=\"widget\" data-settings=\"{&quot;motion_fx_motion_fx_scrolling&quot;:&quot;yes&quot;,&quot;motion_fx_range&quot;:&quot;viewport&quot;,&quot;motion_fx_devices&quot;:[&quot;desktop&quot;,&quot;tablet&quot;,&quot;mobile&quot;]}\" data-widget_type=\"image.default\">\n\t\t\t\t<div class=\"elementor-widget-container\">\n\t\t\t\t\t\t\t\t\t\t\t\t\t\t\t<img decoding=\"async\" width=\"1080\" height=\"943\" src=\"https:\/\/douroexclusive.com\/wp-content\/uploads\/2023\/02\/restaurant.jpg\" class=\"attachment-full size-full wp-image-2679\" alt=\"\" srcset=\"https:\/\/douroexclusive.com\/wp-content\/uploads\/2023\/02\/restaurant.jpg 1080w, https:\/\/douroexclusive.com\/wp-content\/uploads\/2023\/02\/restaurant-300x262.jpg 300w, https:\/\/douroexclusive.com\/wp-content\/uploads\/2023\/02\/restaurant-1024x894.jpg 1024w, https:\/\/douroexclusive.com\/wp-content\/uploads\/2023\/02\/restaurant-768x671.jpg 768w\" sizes=\"(max-width: 1080px) 100vw, 1080px\" \/>\t\t\t\t\t\t\t\t\t\t\t\t\t\t\t<\/div>\n\t\t\t\t<\/div>\n\t\t\t\t\t<\/div>\n\t\t<\/div>\n\t\t\t\t\t<\/div>\n\t\t<\/section>\n\t\t\t\t\t<\/div>\n\t\t<\/div>\n\t\t\t\t\t<\/div>\n\t\t<\/section>\n\t\t\t\t<\/div>\n\t\t","protected":false},"excerpt":{"rendered":"<p>Hor\u00e1rio de funcionamento: 12:30-14:30Para op\u00e7\u00f5es de refei\u00e7\u00f5es, por favor contacte a ger\u00eancia:reservas@casadoarcodouro.ptWhatsapp: +351919751617 No r\u00e9s-do-ch\u00e3o da Casa do Arco Guest Villa encontra-se a Sala dos Decantadores. Cheia de luz, onde o verde do exterior se funde em plena harmonia com os verdes interiores, uma vista soberba sobre o vale ir\u00e1 prender a sua aten\u00e7\u00e3o. Nesta &hellip; <\/p>\n<p class=\"link-more\"><a href=\"https:\/\/douroexclusive.com\/pt-pt\/sala-de-jantar\/\" class=\"more-link\">Continue reading<span class=\"screen-reader-text\"> &#8220;Restaurante&#8221;<\/span><\/a><\/p>\n","protected":false},"author":1,"featured_media":0,"parent":0,"menu_order":0,"comment_status":"closed","ping_status":"closed","template":"elementor_header_footer","meta":{"footnotes":""},"class_list":["post-688","page","type-page","status-publish","hentry","entry"],"_links":{"self":[{"href":"https:\/\/douroexclusive.com\/pt-pt\/wp-json\/wp\/v2\/pages\/688","targetHints":{"allow":["GET"]}}],"collection":[{"href":"https:\/\/douroexclusive.com\/pt-pt\/wp-json\/wp\/v2\/pages"}],"about":[{"href":"https:\/\/douroexclusive.com\/pt-pt\/wp-json\/wp\/v2\/types\/page"}],"author":[{"embeddable":true,"href":"https:\/\/douroexclusive.com\/pt-pt\/wp-json\/wp\/v2\/users\/1"}],"replies":[{"embeddable":true,"href":"https:\/\/douroexclusive.com\/pt-pt\/wp-json\/wp\/v2\/comments?post=688"}],"version-history":[{"count":10,"href":"https:\/\/douroexclusive.com\/pt-pt\/wp-json\/wp\/v2\/pages\/688\/revisions"}],"predecessor-version":[{"id":2795,"href":"https:\/\/douroexclusive.com\/pt-pt\/wp-json\/wp\/v2\/pages\/688\/revisions\/2795"}],"wp:attachment":[{"href":"https:\/\/douroexclusive.com\/pt-pt\/wp-json\/wp\/v2\/media?parent=688"}],"curies":[{"name":"wp","href":"https:\/\/api.w.org\/{rel}","templated":true}]}}

<div data-elementor-type="wp-page" data-elementor-id="688" class="elementor elementor-688 elementor-630" data-elementor-post-type="page">
						<section class="elementor-section elementor-top-section elementor-element elementor-element-7a710a7e elementor-section-full_width elementor-section-height-min-height elementor-section-height-default elementor-section-items-middle" data-id="7a710a7e" data-element_type="section" data-e-type="section" data-settings="{&quot;background_background&quot;:&quot;classic&quot;}">
						<div class="elementor-container elementor-column-gap-default">
					<div class="elementor-column elementor-col-100 elementor-top-column elementor-element elementor-element-7f80fb24" data-id="7f80fb24" data-element_type="column" data-e-type="column">
			<div class="elementor-widget-wrap elementor-element-populated">
						<div class="elementor-element elementor-element-e35e985 elementor-widget elementor-widget-heading" data-id="e35e985" data-element_type="widget" data-e-type="widget" data-widget_type="heading.default">
				<div class="elementor-widget-container">
					<h2 class="elementor-heading-title elementor-size-default">Restaurante</h2>				</div>
				</div>
				<div class="elementor-element elementor-element-c862287 info-text elementor-widget elementor-widget-text-editor" data-id="c862287" data-element_type="widget" data-e-type="widget" data-widget_type="text-editor.default">
				<div class="elementor-widget-container">
									<p><strong>Horário de funcionamento: 12:30-14:30</strong><br />Para opções de refeições, por favor contacte a gerência:<br /><a href="mailto:reservas@casadoarcodouro.pt">reservas@casadoarcodouro.pt</a><br />Whatsapp: <a href="tel:+351919751617">+351919751617</a></p>
								</div>
				</div>
					</div>
		</div>
					</div>
		</section>
				<section class="elementor-section elementor-top-section elementor-element elementor-element-2b810d7e elementor-section-full_width elementor-section-height-default elementor-section-height-default" data-id="2b810d7e" data-element_type="section" data-e-type="section">
						<div class="elementor-container elementor-column-gap-no">
					<div class="elementor-column elementor-col-100 elementor-top-column elementor-element elementor-element-6ece4d58" data-id="6ece4d58" data-element_type="column" data-e-type="column">
			<div class="elementor-widget-wrap elementor-element-populated">
						<section class="elementor-section elementor-inner-section elementor-element elementor-element-5009c218 elementor-section-full_width elementor-section-height-default elementor-section-height-default" data-id="5009c218" data-element_type="section" data-e-type="section">
						<div class="elementor-container elementor-column-gap-no">
					<div class="elementor-column elementor-col-50 elementor-inner-column elementor-element elementor-element-67516986" data-id="67516986" data-element_type="column" data-e-type="column">
			<div class="elementor-widget-wrap elementor-element-populated">
						<div class="elementor-element elementor-element-7f4c7d73 lazy-figure elementor-widget__width-inherit elementor-widget elementor-widget-image" data-id="7f4c7d73" data-element_type="widget" data-e-type="widget" data-settings="{&quot;motion_fx_motion_fx_scrolling&quot;:&quot;yes&quot;,&quot;motion_fx_range&quot;:&quot;viewport&quot;,&quot;motion_fx_devices&quot;:[&quot;desktop&quot;,&quot;tablet&quot;,&quot;mobile&quot;]}" data-widget_type="image.default">
				<div class="elementor-widget-container">
															<img fetchpriority="high" decoding="async" width="1080" height="943" src="https://douroexclusive.com/wp-content/uploads/2021/06/Nelson_Carvalheiro_Casa_Do_Arco_HIRES-485.jpg" class="attachment-full size-full wp-image-2343" alt="" srcset="https://douroexclusive.com/wp-content/uploads/2021/06/Nelson_Carvalheiro_Casa_Do_Arco_HIRES-485.jpg 1080w, https://douroexclusive.com/wp-content/uploads/2021/06/Nelson_Carvalheiro_Casa_Do_Arco_HIRES-485-300x262.jpg 300w, https://douroexclusive.com/wp-content/uploads/2021/06/Nelson_Carvalheiro_Casa_Do_Arco_HIRES-485-1024x894.jpg 1024w, https://douroexclusive.com/wp-content/uploads/2021/06/Nelson_Carvalheiro_Casa_Do_Arco_HIRES-485-768x671.jpg 768w, https://douroexclusive.com/wp-content/uploads/2021/06/Nelson_Carvalheiro_Casa_Do_Arco_HIRES-485-450x393.jpg 450w" sizes="(max-width: 1080px) 100vw, 1080px" />															</div>
				</div>
					</div>
		</div>
				<div class="elementor-column elementor-col-50 elementor-inner-column elementor-element elementor-element-2824e438 column-background" data-id="2824e438" data-element_type="column" data-e-type="column">
			<div class="elementor-widget-wrap elementor-element-populated">
						<div class="elementor-element elementor-element-5bbb4002 animated-slow elementor-invisible elementor-widget elementor-widget-text-editor" data-id="5bbb4002" data-element_type="widget" data-e-type="widget" data-settings="{&quot;_animation&quot;:&quot;fadeInRight&quot;,&quot;_animation_delay&quot;:200}" data-widget_type="text-editor.default">
				<div class="elementor-widget-container">
									<p>No rés-do-chão da Casa do Arco Guest Villa encontra-se a Sala dos Decantadores.</p>
<p>Cheia de luz, onde o verde do exterior se funde em plena harmonia com os verdes interiores, uma vista soberba sobre o vale irá prender a sua atenção.</p>
<p>Nesta sala exclusiva, com capacidade máxima para 16 pessoas, uma equipa altamente preparada e especializada será o fio condutor para uma viagem dos sentidos com uma vista privilegiada ao “Coração” do Vale do Douro.</p>
								</div>
				</div>
					</div>
		</div>
					</div>
		</section>
					</div>
		</div>
					</div>
		</section>
				<section class="elementor-section elementor-top-section elementor-element elementor-element-21d89462 elementor-section-full_width elementor-hidden-desktop elementor-hidden-tablet elementor-hidden-mobile elementor-section-height-default elementor-section-height-default" data-id="21d89462" data-element_type="section" data-e-type="section">
						<div class="elementor-container elementor-column-gap-no">
					<div class="elementor-column elementor-col-100 elementor-top-column elementor-element elementor-element-1a38c349" data-id="1a38c349" data-element_type="column" data-e-type="column">
			<div class="elementor-widget-wrap elementor-element-populated">
						<section class="elementor-section elementor-inner-section elementor-element elementor-element-52aa8fbe elementor-section-full_width elementor-reverse-mobile elementor-section-height-default elementor-section-height-default" data-id="52aa8fbe" data-element_type="section" data-e-type="section">
						<div class="elementor-container elementor-column-gap-no">
					<div class="elementor-column elementor-col-50 elementor-inner-column elementor-element elementor-element-68da95a2 column-background" data-id="68da95a2" data-element_type="column" data-e-type="column">
			<div class="elementor-widget-wrap elementor-element-populated">
						<div class="elementor-element elementor-element-37c8daf0 animated-slow elementor-invisible elementor-widget elementor-widget-text-editor" data-id="37c8daf0" data-element_type="widget" data-e-type="widget" data-settings="{&quot;_animation&quot;:&quot;fadeInLeft&quot;}" data-widget_type="text-editor.default">
				<div class="elementor-widget-container">
									<p>Pode deliciar-se com a delicadeza de uma tradicional carne de lombo ou, para paladares mais exigentes, com a possibilidade de degustar uma das melhores carnes do mundo: um Bife Rubia Galega Envelhecido. Pode ainda contar com as nossas opções de Bacalhau e Polvo e uma ementa Vegan.</p>
<p>O cliente também poderá escolher, da nossa coleção de Decantadores Riedel, o decantador que melhor se adequa à decantação do vinho escolhido para acompanhar a refeição.</p>
								</div>
				</div>
					</div>
		</div>
				<div class="elementor-column elementor-col-50 elementor-inner-column elementor-element elementor-element-935ffa1" data-id="935ffa1" data-element_type="column" data-e-type="column">
			<div class="elementor-widget-wrap elementor-element-populated">
						<div class="elementor-element elementor-element-79d404f5 lazy-figure elementor-widget__width-inherit elementor-widget elementor-widget-image" data-id="79d404f5" data-element_type="widget" data-e-type="widget" data-settings="{&quot;motion_fx_motion_fx_scrolling&quot;:&quot;yes&quot;,&quot;motion_fx_range&quot;:&quot;viewport&quot;,&quot;motion_fx_devices&quot;:[&quot;desktop&quot;,&quot;tablet&quot;,&quot;mobile&quot;]}" data-widget_type="image.default">
				<div class="elementor-widget-container">
															<img decoding="async" width="1080" height="943" src="https://douroexclusive.com/wp-content/uploads/2023/02/restaurant.jpg" class="attachment-full size-full wp-image-2679" alt="" srcset="https://douroexclusive.com/wp-content/uploads/2023/02/restaurant.jpg 1080w, https://douroexclusive.com/wp-content/uploads/2023/02/restaurant-300x262.jpg 300w, https://douroexclusive.com/wp-content/uploads/2023/02/restaurant-1024x894.jpg 1024w, https://douroexclusive.com/wp-content/uploads/2023/02/restaurant-768x671.jpg 768w" sizes="(max-width: 1080px) 100vw, 1080px" />															</div>
				</div>
					</div>
		</div>
					</div>
		</section>
					</div>
		</div>
					</div>
		</section>
				</div>

<p>Horário de funcionamento: 12:30-14:30Para opções de refeições, por favor contacte a gerência:reservas@casadoarcodouro.ptWhatsapp: +351919751617 No rés-do-chão da Casa do Arco Guest Villa encontra-se a Sala dos Decantadores. Cheia de luz, onde o verde do exterior se funde em plena harmonia com os verdes interiores, uma vista soberba sobre o vale irá prender a sua atenção. Nesta &hellip; </p>
<p class="link-more"><a href="https://douroexclusive.com/pt-pt/sala-de-jantar/" class="more-link">Continue reading<span class="screen-reader-text"> &#8220;Restaurante&#8221;</span></a></p>
