{"id":2479,"date":"2021-06-22T10:18:06","date_gmt":"2021-06-22T09:18:06","guid":{"rendered":"https:\/\/miligram10.miligram.pt\/behind-casa-do-arco-guest-villa\/"},"modified":"2024-02-06T15:57:35","modified_gmt":"2024-02-06T14:57:35","slug":"behind-casa-do-arco-guest-villa","status":"publish","type":"page","link":"https:\/\/douroexclusive.com\/pt-pt\/behind-casa-do-arco-guest-villa\/","title":{"rendered":"Casa do Arco Guest Villa"},"content":{"rendered":"\t\t<div data-elementor-type=\"wp-page\" data-elementor-id=\"2479\" class=\"elementor elementor-2479 elementor-1965\" data-elementor-post-type=\"page\">\n\t\t\t\t\t\t<section class=\"elementor-section elementor-top-section elementor-element elementor-element-adbb5c2 elementor-section-full_width elementor-section-height-full elementor-section-height-default elementor-section-items-middle\" data-id=\"adbb5c2\" data-element_type=\"section\" data-e-type=\"section\" data-settings=\"{&quot;background_background&quot;:&quot;classic&quot;}\">\n\t\t\t\t\t\t<div class=\"elementor-container elementor-column-gap-no\">\n\t\t\t\t\t<div class=\"elementor-column elementor-col-100 elementor-top-column elementor-element elementor-element-4b4d07e4\" data-id=\"4b4d07e4\" data-element_type=\"column\" data-e-type=\"column\">\n\t\t\t<div class=\"elementor-widget-wrap elementor-element-populated\">\n\t\t\t\t\t\t<section class=\"elementor-section elementor-inner-section elementor-element elementor-element-635a4e59 elementor-section-full_width elementor-section-height-default elementor-section-height-default\" data-id=\"635a4e59\" data-element_type=\"section\" data-e-type=\"section\">\n\t\t\t\t\t\t<div class=\"elementor-container elementor-column-gap-default\">\n\t\t\t\t\t<div class=\"elementor-column elementor-col-50 elementor-inner-column elementor-element elementor-element-577b3c4f elementor-hidden-tablet elementor-hidden-phone\" data-id=\"577b3c4f\" data-element_type=\"column\" data-e-type=\"column\">\n\t\t\t<div class=\"elementor-widget-wrap\">\n\t\t\t\t\t\t\t<\/div>\n\t\t<\/div>\n\t\t\t\t<div class=\"elementor-column elementor-col-50 elementor-inner-column elementor-element elementor-element-7317ae61\" data-id=\"7317ae61\" data-element_type=\"column\" data-e-type=\"column\">\n\t\t\t<div class=\"elementor-widget-wrap elementor-element-populated\">\n\t\t\t\t\t\t<div class=\"elementor-element elementor-element-eff5e86 animated-slow elementor-invisible elementor-widget elementor-widget-heading\" data-id=\"eff5e86\" data-element_type=\"widget\" data-e-type=\"widget\" data-settings=\"{&quot;_animation&quot;:&quot;fadeInRight&quot;}\" data-widget_type=\"heading.default\">\n\t\t\t\t<div class=\"elementor-widget-container\">\n\t\t\t\t\t<h2 class=\"elementor-heading-title elementor-size-default\">Casa do Arco Guest Villa<\/h2>\t\t\t\t<\/div>\n\t\t\t\t<\/div>\n\t\t\t\t<div class=\"elementor-element elementor-element-5141712d animated-slow elementor-invisible elementor-widget elementor-widget-text-editor\" data-id=\"5141712d\" data-element_type=\"widget\" data-e-type=\"widget\" data-settings=\"{&quot;_animation&quot;:&quot;fadeIn&quot;,&quot;_animation_delay&quot;:1000}\" data-widget_type=\"text-editor.default\">\n\t\t\t\t<div class=\"elementor-widget-container\">\n\t\t\t\t\t\t\t\t\t<p>A Casa do Arco Guest Villa Douro \u00e9 um projecto conceptual de arquitectura moderna, da responsabilidade do Gabinete &#8220;Menos \u00e9 Mais&#8221;, com assinatura do Arquitecto Francisco Vieira de Campos.<\/p>\n<p>Incorpora caracter\u00edsticas e elementos tradicionais da a Regi\u00e3o dos Vinhos do Douro, como xisto e terra\u00e7os de xisto, com elementos da arquitectura contempor\u00e2nea, como o bet\u00e3o armado.<\/p>\n\t\t\t\t\t\t\t\t<\/div>\n\t\t\t\t<\/div>\n\t\t\t\t\t<\/div>\n\t\t<\/div>\n\t\t\t\t\t<\/div>\n\t\t<\/section>\n\t\t\t\t\t<\/div>\n\t\t<\/div>\n\t\t\t\t\t<\/div>\n\t\t<\/section>\n\t\t\t\t<section class=\"elementor-section elementor-top-section elementor-element elementor-element-3e741ce3 elementor-section-full_width elementor-section-height-default elementor-section-height-default\" data-id=\"3e741ce3\" data-element_type=\"section\" data-e-type=\"section\">\n\t\t\t\t\t\t<div class=\"elementor-container elementor-column-gap-no\">\n\t\t\t\t\t<div class=\"elementor-column elementor-col-100 elementor-top-column elementor-element elementor-element-19772046\" data-id=\"19772046\" data-element_type=\"column\" data-e-type=\"column\">\n\t\t\t<div class=\"elementor-widget-wrap elementor-element-populated\">\n\t\t\t\t\t\t<section class=\"elementor-section elementor-inner-section elementor-element elementor-element-530bcc46 elementor-section-full_width elementor-reverse-mobile elementor-section-height-default elementor-section-height-default\" data-id=\"530bcc46\" data-element_type=\"section\" data-e-type=\"section\">\n\t\t\t\t\t\t<div class=\"elementor-container elementor-column-gap-no\">\n\t\t\t\t\t<div class=\"elementor-column elementor-col-50 elementor-inner-column elementor-element elementor-element-43c2481\" data-id=\"43c2481\" data-element_type=\"column\" data-e-type=\"column\">\n\t\t\t<div class=\"elementor-widget-wrap elementor-element-populated\">\n\t\t\t\t\t\t<div class=\"elementor-element elementor-element-1778bacf lazy-figure elementor-widget__width-inherit elementor-widget elementor-widget-image\" data-id=\"1778bacf\" data-element_type=\"widget\" data-e-type=\"widget\" data-settings=\"{&quot;motion_fx_motion_fx_scrolling&quot;:&quot;yes&quot;,&quot;motion_fx_range&quot;:&quot;viewport&quot;,&quot;motion_fx_devices&quot;:[&quot;desktop&quot;,&quot;tablet&quot;,&quot;mobile&quot;]}\" data-widget_type=\"image.default\">\n\t\t\t\t<div class=\"elementor-widget-container\">\n\t\t\t\t\t\t\t\t\t\t\t\t\t\t\t<img fetchpriority=\"high\" decoding=\"async\" width=\"1080\" height=\"943\" src=\"https:\/\/douroexclusive.com\/wp-content\/uploads\/2021\/05\/casa-do-arco-guest-house-02.jpg\" class=\"attachment-full size-full wp-image-2022\" alt=\"\" srcset=\"https:\/\/douroexclusive.com\/wp-content\/uploads\/2021\/05\/casa-do-arco-guest-house-02.jpg 1080w, https:\/\/douroexclusive.com\/wp-content\/uploads\/2021\/05\/casa-do-arco-guest-house-02-300x262.jpg 300w, https:\/\/douroexclusive.com\/wp-content\/uploads\/2021\/05\/casa-do-arco-guest-house-02-1024x894.jpg 1024w, https:\/\/douroexclusive.com\/wp-content\/uploads\/2021\/05\/casa-do-arco-guest-house-02-768x671.jpg 768w, https:\/\/douroexclusive.com\/wp-content\/uploads\/2021\/05\/casa-do-arco-guest-house-02-450x393.jpg 450w\" sizes=\"(max-width: 1080px) 100vw, 1080px\" \/>\t\t\t\t\t\t\t\t\t\t\t\t\t\t\t<\/div>\n\t\t\t\t<\/div>\n\t\t\t\t\t<\/div>\n\t\t<\/div>\n\t\t\t\t<div class=\"elementor-column elementor-col-50 elementor-inner-column elementor-element elementor-element-6af49364 column-background\" data-id=\"6af49364\" data-element_type=\"column\" data-e-type=\"column\">\n\t\t\t<div class=\"elementor-widget-wrap elementor-element-populated\">\n\t\t\t\t\t\t<div class=\"elementor-element elementor-element-31830f51 animated-slow elementor-invisible elementor-widget elementor-widget-text-editor\" data-id=\"31830f51\" data-element_type=\"widget\" data-e-type=\"widget\" data-settings=\"{&quot;_animation&quot;:&quot;fadeInRight&quot;}\" data-widget_type=\"text-editor.default\">\n\t\t\t\t<div class=\"elementor-widget-container\">\n\t\t\t\t\t\t\t\t\t<p>Com uma localiza\u00e7\u00e3o privilegiada, a 10 minutos da vila do Pinh\u00e3o e a 20 minutos da capital Vila Real, onde toda a envolvente \u00e9 Patrim\u00f3nio Mundial da UNESCO, a Casa do Arco Guest Villa surge como um miradouro \u00e0 parte.<\/p>\n<p>As amplas janelas abrem-se para o exterior, criando a impress\u00e3o de aut\u00eanticas telas impressionistas a quem nos visita.<\/p>\n<p>As 3 divis\u00f5es da Casa, que se distinguem pela paisagem que transportam para o interior, s\u00e3o amplas e camas muito confort\u00e1veis com acabamentos sensoriais de luxo: len\u00e7\u00f3is de algod\u00e3o org\u00e2nico de 600 fios, len\u00e7\u00f3is, veludos, penas, madeira maci\u00e7a e notas de couro.<\/p>\n\t\t\t\t\t\t\t\t<\/div>\n\t\t\t\t<\/div>\n\t\t\t\t\t<\/div>\n\t\t<\/div>\n\t\t\t\t\t<\/div>\n\t\t<\/section>\n\t\t\t\t\t<\/div>\n\t\t<\/div>\n\t\t\t\t\t<\/div>\n\t\t<\/section>\n\t\t\t\t<section class=\"elementor-section elementor-top-section elementor-element elementor-element-1dfaa9b6 elementor-section-full_width elementor-section-height-default elementor-section-height-default\" data-id=\"1dfaa9b6\" data-element_type=\"section\" data-e-type=\"section\">\n\t\t\t\t\t\t<div class=\"elementor-container elementor-column-gap-no\">\n\t\t\t\t\t<div class=\"elementor-column elementor-col-100 elementor-top-column elementor-element elementor-element-6f282200\" data-id=\"6f282200\" data-element_type=\"column\" data-e-type=\"column\">\n\t\t\t<div class=\"elementor-widget-wrap elementor-element-populated\">\n\t\t\t\t\t\t<section class=\"elementor-section elementor-inner-section elementor-element elementor-element-6baa8578 elementor-section-full_width elementor-section-height-default elementor-section-height-default\" data-id=\"6baa8578\" data-element_type=\"section\" data-e-type=\"section\">\n\t\t\t\t\t\t<div class=\"elementor-container elementor-column-gap-no\">\n\t\t\t\t\t<div class=\"elementor-column elementor-col-50 elementor-inner-column elementor-element elementor-element-796511c1 column-background\" data-id=\"796511c1\" data-element_type=\"column\" data-e-type=\"column\">\n\t\t\t<div class=\"elementor-widget-wrap elementor-element-populated\">\n\t\t\t\t\t\t<div class=\"elementor-element elementor-element-6d55a6c4 animated-slow elementor-invisible elementor-widget elementor-widget-text-editor\" data-id=\"6d55a6c4\" data-element_type=\"widget\" data-e-type=\"widget\" data-settings=\"{&quot;_animation&quot;:&quot;fadeInLeft&quot;}\" data-widget_type=\"text-editor.default\">\n\t\t\t\t<div class=\"elementor-widget-container\">\n\t\t\t\t\t\t\t\t\t<p>As casas de banho dos quartos, todas com luz natural, primam pelo luxo da simplicidade como o uso de m\u00e1rmore de Estremoz em toda a zona de duche conjugado com o pavimento em Pinho Riga. Os tecidos turcos de algod\u00e3o org\u00e2nico denso e voluptuoso de produ\u00e7\u00e3o nacional promovem uma sensa\u00e7\u00e3o de conforto absoluto.<\/p>\n<p>O design de interiores, da responsabilidade do &#8220;Atelier da Boavista \/ Arquitectura&#8221;, nasce do desejo da Ana &#038; Marco para reflectir no interior da casa os elementos ic\u00f3nicos e representativos do ambiente do \u201cAlto Douro\u201d, bem como a envolvente do edif\u00edcio, traduzindo assim a ess\u00eancia do lugar.<\/p>\n\t\t\t\t\t\t\t\t<\/div>\n\t\t\t\t<\/div>\n\t\t\t\t\t<\/div>\n\t\t<\/div>\n\t\t\t\t<div class=\"elementor-column elementor-col-50 elementor-inner-column elementor-element elementor-element-296ee0aa\" data-id=\"296ee0aa\" data-element_type=\"column\" data-e-type=\"column\">\n\t\t\t<div class=\"elementor-widget-wrap elementor-element-populated\">\n\t\t\t\t\t\t<div class=\"elementor-element elementor-element-7704dc23 lazy-figure elementor-widget__width-inherit elementor-widget elementor-widget-image\" data-id=\"7704dc23\" data-element_type=\"widget\" data-e-type=\"widget\" data-settings=\"{&quot;motion_fx_motion_fx_scrolling&quot;:&quot;yes&quot;,&quot;motion_fx_range&quot;:&quot;viewport&quot;,&quot;motion_fx_devices&quot;:[&quot;desktop&quot;,&quot;tablet&quot;,&quot;mobile&quot;]}\" data-widget_type=\"image.default\">\n\t\t\t\t<div class=\"elementor-widget-container\">\n\t\t\t\t\t\t\t\t\t\t\t\t\t\t\t<img decoding=\"async\" width=\"1527\" height=\"1333\" src=\"https:\/\/douroexclusive.com\/wp-content\/uploads\/2021\/05\/room-almond-07-1.jpg\" class=\"attachment-full size-full wp-image-2037\" alt=\"\" srcset=\"https:\/\/douroexclusive.com\/wp-content\/uploads\/2021\/05\/room-almond-07-1.jpg 1527w, https:\/\/douroexclusive.com\/wp-content\/uploads\/2021\/05\/room-almond-07-1-300x262.jpg 300w, https:\/\/douroexclusive.com\/wp-content\/uploads\/2021\/05\/room-almond-07-1-1024x894.jpg 1024w, https:\/\/douroexclusive.com\/wp-content\/uploads\/2021\/05\/room-almond-07-1-768x670.jpg 768w, https:\/\/douroexclusive.com\/wp-content\/uploads\/2021\/05\/room-almond-07-1-450x393.jpg 450w\" sizes=\"(max-width: 1527px) 100vw, 1527px\" \/>\t\t\t\t\t\t\t\t\t\t\t\t\t\t\t<\/div>\n\t\t\t\t<\/div>\n\t\t\t\t\t<\/div>\n\t\t<\/div>\n\t\t\t\t\t<\/div>\n\t\t<\/section>\n\t\t\t\t\t<\/div>\n\t\t<\/div>\n\t\t\t\t\t<\/div>\n\t\t<\/section>\n\t\t\t\t<\/div>\n\t\t","protected":false},"excerpt":{"rendered":"<p>A Casa do Arco Guest Villa Douro \u00e9 um projecto conceptual de arquitectura moderna, da responsabilidade do Gabinete &#8220;Menos \u00e9 Mais&#8221;, com assinatura do Arquitecto Francisco Vieira de Campos. Incorpora caracter\u00edsticas e elementos tradicionais da a Regi\u00e3o dos Vinhos do Douro, como xisto e terra\u00e7os de xisto, com elementos da arquitectura contempor\u00e2nea, como o bet\u00e3o &hellip; <\/p>\n<p class=\"link-more\"><a href=\"https:\/\/douroexclusive.com\/pt-pt\/behind-casa-do-arco-guest-villa\/\" class=\"more-link\">Continue reading<span class=\"screen-reader-text\"> &#8220;Casa do Arco Guest Villa&#8221;<\/span><\/a><\/p>\n","protected":false},"author":1,"featured_media":0,"parent":0,"menu_order":0,"comment_status":"closed","ping_status":"closed","template":"elementor_header_footer","meta":{"footnotes":""},"class_list":["post-2479","page","type-page","status-publish","hentry","entry"],"_links":{"self":[{"href":"https:\/\/douroexclusive.com\/pt-pt\/wp-json\/wp\/v2\/pages\/2479","targetHints":{"allow":["GET"]}}],"collection":[{"href":"https:\/\/douroexclusive.com\/pt-pt\/wp-json\/wp\/v2\/pages"}],"about":[{"href":"https:\/\/douroexclusive.com\/pt-pt\/wp-json\/wp\/v2\/types\/page"}],"author":[{"embeddable":true,"href":"https:\/\/douroexclusive.com\/pt-pt\/wp-json\/wp\/v2\/users\/1"}],"replies":[{"embeddable":true,"href":"https:\/\/douroexclusive.com\/pt-pt\/wp-json\/wp\/v2\/comments?post=2479"}],"version-history":[{"count":9,"href":"https:\/\/douroexclusive.com\/pt-pt\/wp-json\/wp\/v2\/pages\/2479\/revisions"}],"predecessor-version":[{"id":2783,"href":"https:\/\/douroexclusive.com\/pt-pt\/wp-json\/wp\/v2\/pages\/2479\/revisions\/2783"}],"wp:attachment":[{"href":"https:\/\/douroexclusive.com\/pt-pt\/wp-json\/wp\/v2\/media?parent=2479"}],"curies":[{"name":"wp","href":"https:\/\/api.w.org\/{rel}","templated":true}]}}

<div data-elementor-type="wp-page" data-elementor-id="2479" class="elementor elementor-2479 elementor-1965" data-elementor-post-type="page">
						<section class="elementor-section elementor-top-section elementor-element elementor-element-adbb5c2 elementor-section-full_width elementor-section-height-full elementor-section-height-default elementor-section-items-middle" data-id="adbb5c2" data-element_type="section" data-e-type="section" data-settings="{&quot;background_background&quot;:&quot;classic&quot;}">
						<div class="elementor-container elementor-column-gap-no">
					<div class="elementor-column elementor-col-100 elementor-top-column elementor-element elementor-element-4b4d07e4" data-id="4b4d07e4" data-element_type="column" data-e-type="column">
			<div class="elementor-widget-wrap elementor-element-populated">
						<section class="elementor-section elementor-inner-section elementor-element elementor-element-635a4e59 elementor-section-full_width elementor-section-height-default elementor-section-height-default" data-id="635a4e59" data-element_type="section" data-e-type="section">
						<div class="elementor-container elementor-column-gap-default">
					<div class="elementor-column elementor-col-50 elementor-inner-column elementor-element elementor-element-577b3c4f elementor-hidden-tablet elementor-hidden-phone" data-id="577b3c4f" data-element_type="column" data-e-type="column">
			<div class="elementor-widget-wrap">
							</div>
		</div>
				<div class="elementor-column elementor-col-50 elementor-inner-column elementor-element elementor-element-7317ae61" data-id="7317ae61" data-element_type="column" data-e-type="column">
			<div class="elementor-widget-wrap elementor-element-populated">
						<div class="elementor-element elementor-element-eff5e86 animated-slow elementor-invisible elementor-widget elementor-widget-heading" data-id="eff5e86" data-element_type="widget" data-e-type="widget" data-settings="{&quot;_animation&quot;:&quot;fadeInRight&quot;}" data-widget_type="heading.default">
				<div class="elementor-widget-container">
					<h2 class="elementor-heading-title elementor-size-default">Casa do Arco Guest Villa</h2>				</div>
				</div>
				<div class="elementor-element elementor-element-5141712d animated-slow elementor-invisible elementor-widget elementor-widget-text-editor" data-id="5141712d" data-element_type="widget" data-e-type="widget" data-settings="{&quot;_animation&quot;:&quot;fadeIn&quot;,&quot;_animation_delay&quot;:1000}" data-widget_type="text-editor.default">
				<div class="elementor-widget-container">
									<p>A Casa do Arco Guest Villa Douro é um projecto conceptual de arquitectura moderna, da responsabilidade do Gabinete &#8220;Menos é Mais&#8221;, com assinatura do Arquitecto Francisco Vieira de Campos.</p>
<p>Incorpora características e elementos tradicionais da a Região dos Vinhos do Douro, como xisto e terraços de xisto, com elementos da arquitectura contemporânea, como o betão armado.</p>
								</div>
				</div>
					</div>
		</div>
					</div>
		</section>
					</div>
		</div>
					</div>
		</section>
				<section class="elementor-section elementor-top-section elementor-element elementor-element-3e741ce3 elementor-section-full_width elementor-section-height-default elementor-section-height-default" data-id="3e741ce3" data-element_type="section" data-e-type="section">
						<div class="elementor-container elementor-column-gap-no">
					<div class="elementor-column elementor-col-100 elementor-top-column elementor-element elementor-element-19772046" data-id="19772046" data-element_type="column" data-e-type="column">
			<div class="elementor-widget-wrap elementor-element-populated">
						<section class="elementor-section elementor-inner-section elementor-element elementor-element-530bcc46 elementor-section-full_width elementor-reverse-mobile elementor-section-height-default elementor-section-height-default" data-id="530bcc46" data-element_type="section" data-e-type="section">
						<div class="elementor-container elementor-column-gap-no">
					<div class="elementor-column elementor-col-50 elementor-inner-column elementor-element elementor-element-43c2481" data-id="43c2481" data-element_type="column" data-e-type="column">
			<div class="elementor-widget-wrap elementor-element-populated">
						<div class="elementor-element elementor-element-1778bacf lazy-figure elementor-widget__width-inherit elementor-widget elementor-widget-image" data-id="1778bacf" data-element_type="widget" data-e-type="widget" data-settings="{&quot;motion_fx_motion_fx_scrolling&quot;:&quot;yes&quot;,&quot;motion_fx_range&quot;:&quot;viewport&quot;,&quot;motion_fx_devices&quot;:[&quot;desktop&quot;,&quot;tablet&quot;,&quot;mobile&quot;]}" data-widget_type="image.default">
				<div class="elementor-widget-container">
															<img fetchpriority="high" decoding="async" width="1080" height="943" src="https://douroexclusive.com/wp-content/uploads/2021/05/casa-do-arco-guest-house-02.jpg" class="attachment-full size-full wp-image-2022" alt="" srcset="https://douroexclusive.com/wp-content/uploads/2021/05/casa-do-arco-guest-house-02.jpg 1080w, https://douroexclusive.com/wp-content/uploads/2021/05/casa-do-arco-guest-house-02-300x262.jpg 300w, https://douroexclusive.com/wp-content/uploads/2021/05/casa-do-arco-guest-house-02-1024x894.jpg 1024w, https://douroexclusive.com/wp-content/uploads/2021/05/casa-do-arco-guest-house-02-768x671.jpg 768w, https://douroexclusive.com/wp-content/uploads/2021/05/casa-do-arco-guest-house-02-450x393.jpg 450w" sizes="(max-width: 1080px) 100vw, 1080px" />															</div>
				</div>
					</div>
		</div>
				<div class="elementor-column elementor-col-50 elementor-inner-column elementor-element elementor-element-6af49364 column-background" data-id="6af49364" data-element_type="column" data-e-type="column">
			<div class="elementor-widget-wrap elementor-element-populated">
						<div class="elementor-element elementor-element-31830f51 animated-slow elementor-invisible elementor-widget elementor-widget-text-editor" data-id="31830f51" data-element_type="widget" data-e-type="widget" data-settings="{&quot;_animation&quot;:&quot;fadeInRight&quot;}" data-widget_type="text-editor.default">
				<div class="elementor-widget-container">
									<p>Com uma localização privilegiada, a 10 minutos da vila do Pinhão e a 20 minutos da capital Vila Real, onde toda a envolvente é Património Mundial da UNESCO, a Casa do Arco Guest Villa surge como um miradouro à parte.</p>
<p>As amplas janelas abrem-se para o exterior, criando a impressão de autênticas telas impressionistas a quem nos visita.</p>
<p>As 3 divisões da Casa, que se distinguem pela paisagem que transportam para o interior, são amplas e camas muito confortáveis com acabamentos sensoriais de luxo: lençóis de algodão orgânico de 600 fios, lençóis, veludos, penas, madeira maciça e notas de couro.</p>
								</div>
				</div>
					</div>
		</div>
					</div>
		</section>
					</div>
		</div>
					</div>
		</section>
				<section class="elementor-section elementor-top-section elementor-element elementor-element-1dfaa9b6 elementor-section-full_width elementor-section-height-default elementor-section-height-default" data-id="1dfaa9b6" data-element_type="section" data-e-type="section">
						<div class="elementor-container elementor-column-gap-no">
					<div class="elementor-column elementor-col-100 elementor-top-column elementor-element elementor-element-6f282200" data-id="6f282200" data-element_type="column" data-e-type="column">
			<div class="elementor-widget-wrap elementor-element-populated">
						<section class="elementor-section elementor-inner-section elementor-element elementor-element-6baa8578 elementor-section-full_width elementor-section-height-default elementor-section-height-default" data-id="6baa8578" data-element_type="section" data-e-type="section">
						<div class="elementor-container elementor-column-gap-no">
					<div class="elementor-column elementor-col-50 elementor-inner-column elementor-element elementor-element-796511c1 column-background" data-id="796511c1" data-element_type="column" data-e-type="column">
			<div class="elementor-widget-wrap elementor-element-populated">
						<div class="elementor-element elementor-element-6d55a6c4 animated-slow elementor-invisible elementor-widget elementor-widget-text-editor" data-id="6d55a6c4" data-element_type="widget" data-e-type="widget" data-settings="{&quot;_animation&quot;:&quot;fadeInLeft&quot;}" data-widget_type="text-editor.default">
				<div class="elementor-widget-container">
									<p>As casas de banho dos quartos, todas com luz natural, primam pelo luxo da simplicidade como o uso de mármore de Estremoz em toda a zona de duche conjugado com o pavimento em Pinho Riga. Os tecidos turcos de algodão orgânico denso e voluptuoso de produção nacional promovem uma sensação de conforto absoluto.</p>
<p>O design de interiores, da responsabilidade do &#8220;Atelier da Boavista / Arquitectura&#8221;, nasce do desejo da Ana &#038; Marco para reflectir no interior da casa os elementos icónicos e representativos do ambiente do “Alto Douro”, bem como a envolvente do edifício, traduzindo assim a essência do lugar.</p>
								</div>
				</div>
					</div>
		</div>
				<div class="elementor-column elementor-col-50 elementor-inner-column elementor-element elementor-element-296ee0aa" data-id="296ee0aa" data-element_type="column" data-e-type="column">
			<div class="elementor-widget-wrap elementor-element-populated">
						<div class="elementor-element elementor-element-7704dc23 lazy-figure elementor-widget__width-inherit elementor-widget elementor-widget-image" data-id="7704dc23" data-element_type="widget" data-e-type="widget" data-settings="{&quot;motion_fx_motion_fx_scrolling&quot;:&quot;yes&quot;,&quot;motion_fx_range&quot;:&quot;viewport&quot;,&quot;motion_fx_devices&quot;:[&quot;desktop&quot;,&quot;tablet&quot;,&quot;mobile&quot;]}" data-widget_type="image.default">
				<div class="elementor-widget-container">
															<img decoding="async" width="1527" height="1333" src="https://douroexclusive.com/wp-content/uploads/2021/05/room-almond-07-1.jpg" class="attachment-full size-full wp-image-2037" alt="" srcset="https://douroexclusive.com/wp-content/uploads/2021/05/room-almond-07-1.jpg 1527w, https://douroexclusive.com/wp-content/uploads/2021/05/room-almond-07-1-300x262.jpg 300w, https://douroexclusive.com/wp-content/uploads/2021/05/room-almond-07-1-1024x894.jpg 1024w, https://douroexclusive.com/wp-content/uploads/2021/05/room-almond-07-1-768x670.jpg 768w, https://douroexclusive.com/wp-content/uploads/2021/05/room-almond-07-1-450x393.jpg 450w" sizes="(max-width: 1527px) 100vw, 1527px" />															</div>
				</div>
					</div>
		</div>
					</div>
		</section>
					</div>
		</div>
					</div>
		</section>
				</div>

<p>A Casa do Arco Guest Villa Douro é um projecto conceptual de arquitectura moderna, da responsabilidade do Gabinete &#8220;Menos é Mais&#8221;, com assinatura do Arquitecto Francisco Vieira de Campos. Incorpora características e elementos tradicionais da a Região dos Vinhos do Douro, como xisto e terraços de xisto, com elementos da arquitectura contemporânea, como o betão &hellip; </p>
<p class="link-more"><a href="https://douroexclusive.com/pt-pt/behind-casa-do-arco-guest-villa/" class="more-link">Continue reading<span class="screen-reader-text"> &#8220;Casa do Arco Guest Villa&#8221;</span></a></p>
